{"id":2991,"date":"2022-11-30T17:05:18","date_gmt":"2022-11-30T17:05:18","guid":{"rendered":"https:\/\/impafesa.com\/index.php\/product\/kripton-160\/"},"modified":"2022-11-30T17:05:18","modified_gmt":"2022-11-30T17:05:18","slug":"kripton-160","status":"publish","type":"product","link":"https:\/\/impafesa.com\/index.php\/product\/kripton-160\/","title":{"rendered":"KRIPTON 160"},"content":{"rendered":"<p>M\u00e1quina para soldar multriproceso con tecnolog\u00eda inverter tama\u00f1o medio; conexi\u00f3n de voltaje de 110\/220v 1ph. <\/p>\n<p> Excelente para trabajos de ornamentaci\u00f3n y carpinter\u00eda met\u00e1lica, ideal para fundir electrodos de di\u00e1metros de 1\/16,<br \/>\n 3\/32,al 100 % 1\/8 al 80 % 5\/52 al 60% tipo 6013, 6011, 7018, inoxidables y fundiciones. Adem\u00e1s alambres tubulares<br \/>\n autoprotegidos de 0.030 mm y 0.035 mm.<\/p>\n","protected":false},"excerpt":{"rendered":"<p>HRK-150<\/p>\n","protected":false},"featured_media":2934,"comment_status":"closed","ping_status":"closed","template":"","meta":[],"product_cat":[78],"product_tag":[850],"class_list":{"0":"post-2991","1":"product","2":"type-product","3":"status-publish","4":"has-post-thumbnail","5":"hentry","6":"product_cat-skolts","7":"product_tag-skolts","9":"entry","10":"has-media","11":"owp-thumbs-layout-horizontal","12":"owp-btn-normal","13":"owp-tabs-layout-horizontal","14":"has-no-thumbnails"},"_links":{"self":[{"href":"https:\/\/impafesa.com\/index.php\/wp-json\/wp\/v2\/product\/2991","targetHints":{"allow":["GET"]}}],"collection":[{"href":"https:\/\/impafesa.com\/index.php\/wp-json\/wp\/v2\/product"}],"about":[{"href":"https:\/\/impafesa.com\/index.php\/wp-json\/wp\/v2\/types\/product"}],"replies":[{"embeddable":true,"href":"https:\/\/impafesa.com\/index.php\/wp-json\/wp\/v2\/comments?post=2991"}],"wp:featuredmedia":[{"embeddable":true,"href":"https:\/\/impafesa.com\/index.php\/wp-json\/wp\/v2\/media\/2934"}],"wp:attachment":[{"href":"https:\/\/impafesa.com\/index.php\/wp-json\/wp\/v2\/media?parent=2991"}],"wp:term":[{"taxonomy":"product_cat","embeddable":true,"href":"https:\/\/impafesa.com\/index.php\/wp-json\/wp\/v2\/product_cat?post=2991"},{"taxonomy":"product_tag","embeddable":true,"href":"https:\/\/impafesa.com\/index.php\/wp-json\/wp\/v2\/product_tag?post=2991"}],"curies":[{"name":"wp","href":"https:\/\/api.w.org\/{rel}","templated":true}]}}