{"id":3150,"date":"2022-11-30T22:19:01","date_gmt":"2022-11-30T22:19:01","guid":{"rendered":"https:\/\/impafesa.com\/?post_type=product&#038;p=3150"},"modified":"2022-11-30T22:19:03","modified_gmt":"2022-11-30T22:19:03","slug":"klingspor-disco-corte-inox-metal-special-plano","status":"publish","type":"product","link":"https:\/\/impafesa.com\/index.php\/product\/klingspor-disco-corte-inox-metal-special-plano\/","title":{"rendered":"KLINGSPOR DISCO CORTE INOX\/METAL SPECIAL PLANO"},"content":{"rendered":"<h2>Discos de corte Kronenflex A 24 TZ Special para acero inoxidable<\/h2>\n<p>El disco de corte Kronenflex A 24 TZ Special ofrece una f\u00f3rmula optimizada para tareas de corte exigentes. Sirve para el mecanizado de<\/p>\n<ul>\n<li><strong>acero inoxidable<\/strong>,<\/li>\n<li>acero y<\/li>\n<li>fundici\u00f3n.<\/li>\n<\/ul>\n<p>Este disco de corte vers\u00e1til convence por sus caracter\u00edsticas de m\u00e1ximo nivel, tales como una alta agresividad, una vida \u00fatil muy buena y una dureza superior a la media. El disco est\u00e1 disponible en distintos di\u00e1metros para el uso en las correspondientes <strong>amoladoras angulares<\/strong>. La oferta de Klingspor contiene discos de corte en variantes rectas y abombadas para corresponder a todas las necesidades. La variante A 24 TZ Special es un producto de gran calidad y de alto rendimiento que est\u00e1 destinado a los usuarios profesionales, pero tambi\u00e9n es apropiado para proyectos en el \u00e1mbito del bricolaje.<\/p>\n<h3>Resultados \u00f3ptimos con discos de corte de la clase Special<\/h3>\n<p>Con el modelo A 24 TZ, Klingspor ofrece un disco de corte de la clase de calidad Special. Estos productos de alto rendimiento para aplicaciones especiales satisfacen las mayores exigencias y garantizan una larga vida \u00fatil, as\u00ed como un rendimiento de corte \u00f3ptimo en su respectivo \u00e1mbito de aplicaci\u00f3n. El usuario consigue unos resultados \u00f3ptimos eligiendo el \u00e1ngulo de inclinaci\u00f3n adecuado y la presi\u00f3n de aplicaci\u00f3n correcta. En este caso, el disco de corte no se emboza, el tiempo de corte se reduce y est\u00e1 garantizado el corte sin peligro. Para cada disco de corte, Klingspor indica exactamente en que margen se deber\u00eda utilizar. Todos los datos importantes al respecto, as\u00ed como la velocidad de trabajo m\u00e1xima figuran en la etiqueta del disco, as\u00ed como en la hoja de datos del producto.<\/p>\n<h3>Discos de corte especiales con m\u00faltiples ventajas<\/h3>\n<p>El grano abrasivo sint\u00e9tico utilizado para el modelo A 24 TZ Special y para todos los dem\u00e1s discos de corte fabricados por Klingspor garantiza una alta calidad constante. Adem\u00e1s, solo se utilizan materias primas de gran calidad para los aglutinantes. El aglutinante y el tipo de grano est\u00e1n perfectamente adaptados entre ellos. Como capa de refuerzo para mejorar la estabilidad del disco, Klingspor apuesta por un tejido de fibra de vidrio. Este manifiesta sus ventajas si aparecen cargas laterales, tal como ocurre, por ejemplo, durante el corte manual. En este aspecto, Klingspor adapta cada producto a la aplicaci\u00f3n correspondiente. Por ejemplo, el modelo A 24 TZ ofrece una f\u00f3rmula optimizada para el mecanizado de acero inoxidable. Adem\u00e1s, todos los discos de corte son comprobados seg\u00fan las directivas oSa y ofrecen una seguridad probada. Tambi\u00e9n est\u00e1 garantizado el cumplimiento de la norma europea de seguridad EN 12413.<\/p>\n\n<table id=\"tablepress-3\" class=\"tablepress tablepress-id-3\">\n<thead>\n<tr class=\"row-1 odd\">\n\t<th class=\"column-1\">Di\u00e1metro\u200b\/mm<\/th><th class=\"column-2\">Espesor\u200b\/mm<\/th><th class=\"column-3\">N\u00facleo\u200b\/mm<\/th><th class=\"column-4\">Vmax\u200b m\/s<\/th><th class=\"column-5\">RPM admisible\u200b<\/th><th class=\"column-6\">Forma de la estructura\u200b<\/th><th class=\"column-7\">Referencia<\/th>\n<\/tr>\n<\/thead>\n<tbody class=\"row-hover\">\n<tr class=\"row-2 even\">\n\t<td class=\"column-1\">115<\/td><td class=\"column-2\">2,5<br \/>\n<\/td><td class=\"column-3\">22,23<br \/>\n<\/td><td class=\"column-4\">80<br \/>\n<\/td><td class=\"column-5\">13.300<br \/>\n<\/td><td class=\"column-6\">abombado<br \/>\n<\/td><td class=\"column-7\">136554<br \/>\n<\/td>\n<\/tr>\n<tr class=\"row-3 odd\">\n\t<td class=\"column-1\">125<br \/>\n<\/td><td class=\"column-2\">2,5<br \/>\n<\/td><td class=\"column-3\">22,23<br \/>\n<\/td><td class=\"column-4\">80<br \/>\n<\/td><td class=\"column-5\">12.200<br \/>\n<\/td><td class=\"column-6\">abombado<br \/>\n<\/td><td class=\"column-7\">136555<br \/>\n<\/td>\n<\/tr>\n<tr class=\"row-4 even\">\n\t<td class=\"column-1\">180<br \/>\n<\/td><td class=\"column-2\">3<br \/>\n<\/td><td class=\"column-3\">22,23<br \/>\n<\/td><td class=\"column-4\">80<br \/>\n<\/td><td class=\"column-5\">8.500<br \/>\n<\/td><td class=\"column-6\">recto<br \/>\n<\/td><td class=\"column-7\">136558<br \/>\n<\/td>\n<\/tr>\n<tr class=\"row-5 odd\">\n\t<td class=\"column-1\">230<br \/>\n<\/td><td class=\"column-2\">3<br \/>\n<\/td><td class=\"column-3\">22,23<br \/>\n<\/td><td class=\"column-4\">80<br \/>\n<\/td><td class=\"column-5\">6.600<br \/>\n<\/td><td class=\"column-6\">recto<br \/>\n<\/td><td class=\"column-7\">136559<br \/>\n<\/td>\n<\/tr>\n<\/tbody>\n<\/table>\n<!-- #tablepress-3 from cache -->\n","protected":false},"excerpt":{"rendered":"<p>136559 &#8211; 9\u201dX3MM=1\/8X7\/8\u201d A24TZ <\/p>\n<h4>Campos de aplicaci\u00f3n<\/h4>\n<ul>\n<li>Acero<\/li>\n<li>Acero inoxidable<\/li>\n<li>Acero de construcci\u00f3n<\/li>\n<li>Metales no f\u00e9rricos<\/li>\n<li>Materiales de fundici\u00f3n<\/li>\n<li>Piedra<\/li>\n<li>Pl\u00e1sticos<\/li>\n<li>Materiales minerales<\/li>\n<li>Materiales macizos<\/li>\n<li>Tubos<\/li>\n<li>Planchas<\/li>\n<li>Chapas<\/li>\n<\/ul>\n","protected":false},"featured_media":407,"comment_status":"open","ping_status":"closed","template":"","meta":[],"product_cat":[77],"product_tag":[87,86,851],"class_list":{"0":"post-3150","1":"product","2":"type-product","3":"status-publish","4":"has-post-thumbnail","5":"hentry","6":"product_cat-klingpor","7":"product_tag-acero-inox","8":"product_tag-discos-de-corte","9":"product_tag-klingspor","11":"entry","12":"has-media","13":"owp-thumbs-layout-horizontal","14":"owp-btn-normal","15":"owp-tabs-layout-horizontal","16":"has-no-thumbnails"},"_links":{"self":[{"href":"https:\/\/impafesa.com\/index.php\/wp-json\/wp\/v2\/product\/3150","targetHints":{"allow":["GET"]}}],"collection":[{"href":"https:\/\/impafesa.com\/index.php\/wp-json\/wp\/v2\/product"}],"about":[{"href":"https:\/\/impafesa.com\/index.php\/wp-json\/wp\/v2\/types\/product"}],"replies":[{"embeddable":true,"href":"https:\/\/impafesa.com\/index.php\/wp-json\/wp\/v2\/comments?post=3150"}],"wp:featuredmedia":[{"embeddable":true,"href":"https:\/\/impafesa.com\/index.php\/wp-json\/wp\/v2\/media\/407"}],"wp:attachment":[{"href":"https:\/\/impafesa.com\/index.php\/wp-json\/wp\/v2\/media?parent=3150"}],"wp:term":[{"taxonomy":"product_cat","embeddable":true,"href":"https:\/\/impafesa.com\/index.php\/wp-json\/wp\/v2\/product_cat?post=3150"},{"taxonomy":"product_tag","embeddable":true,"href":"https:\/\/impafesa.com\/index.php\/wp-json\/wp\/v2\/product_tag?post=3150"}],"curies":[{"name":"wp","href":"https:\/\/api.w.org\/{rel}","templated":true}]}}