{"id":3151,"date":"2022-11-30T22:19:01","date_gmt":"2022-11-30T22:19:01","guid":{"rendered":"https:\/\/impafesa.com\/?post_type=product&#038;p=3151"},"modified":"2022-11-30T22:19:04","modified_gmt":"2022-11-30T22:19:04","slug":"klingspor-disco-corte-metal-c-25","status":"publish","type":"product","link":"https:\/\/impafesa.com\/index.php\/product\/klingspor-disco-corte-metal-c-25\/","title":{"rendered":"KLINGSPOR DISCO CORTE METAL (C 25)"},"content":{"rendered":"<h2>Disco de corte Kronenflex A 46 TZ Special para acero inoxidable<\/h2>\n<p>El <strong>disco de corte Kronenflex<\/strong> A 46 TZ Special est\u00e1 dise\u00f1ado para tareas exigentes y corta materiales como<\/p>\n<ul>\n<li>acero y<\/li>\n<li><strong>acero inoxidable<\/strong>.<\/li>\n<\/ul>\n<p>Una de las ventajas de este producto es su <strong>larga vida \u00fatil<\/strong>. Se trata de un disco de corte para aplicaciones profesionales con una alta agresividad y dureza. El producto es libre de hierro, sulfuro y cloro. El modelo A 46 TZ Special est\u00e1 disponible en una forma constructiva recta y abombada y con distintos di\u00e1metros, apropiados para diferentes <strong>amoladoras angulares<\/strong>.<\/p>\n<h3>Disco de corte especial para tareas exigentes<\/h3>\n<p>Cuando se trata del mecanizado de acero inoxidable, el disco de corte A 46 TZ representa una excelente elecci\u00f3n. Este disco de la clase de calidad Special es un producto de alto rendimiento para aplicaciones especiales que ofrece un excelente comportamiento de corte gracias a su grano abrasivo de fabricaci\u00f3n sint\u00e9tica. Los tipos de grano abrasivo artificiales solo muestran un desgaste reducido y proporcionan unos resultados homog\u00e9neos. Este aspecto es apreciado por igual por los usuarios profesionales como por los aficionados al bricolaje. Tambi\u00e9n a nivel de las resinas y los materiales de relleno, Klingspor apuesta exclusivamente por materias primas de alta calidad. De esta manera, el usuario consigue siempre los mejores resultados en la pr\u00e1ctica diaria.<\/p>\n<h3>Prestaciones \u00f3ptimas, seguridad probada<\/h3>\n<p>Adem\u00e1s del alto rendimiento, Klingspor concede una importancia decisiva a la seguridad en la aplicaci\u00f3n. Al igual que todos los dem\u00e1s discos de corte del programa, el disco de corte A 46 TZ Special est\u00e1 comprobado exhaustivamente seg\u00fan las directivas oSa. Adem\u00e1s, se cumplen todos los requisitos de seguridad definidos en la norma EN 12413. El manejo correcto es b\u00e1sico para conseguir un alto nivel de seguridad. El usuario deber\u00eda emplear el disco siempre ligeramente por debajo de la velocidad m\u00e1xima indicada. De este modo queda asegurado que el disco no salte y no sufra un desgaste excesivo. Asimismo, los discos de corte solo se deben someter a cargas en sentido radial y se debe mantener una presi\u00f3n de aplicaci\u00f3n adaptada al material.<\/p>\n","protected":false},"excerpt":{"rendered":"<p>340936 &#8211; EXTRA PLAN 4.1\/2\u201dX1.6 MM=1\/16\u201dX7\/8\u201d A46 <\/p>\n<p> 221161 &#8211; SPECIAL PLAN 7\u201dX1.6 MM=1\/16\u201dX7\/8\u201d A46TZ <\/p>\n<p> 224084 &#8211; SPECIAL PLAN 9\u201dX1.9 MM=5\/64\u201dX7\/8\u201d A46TZ <\/p>\n<h4>Campos de aplicaci\u00f3n<\/h4>\n<ul>\n<li>Acero<\/li>\n<li>Acero inoxidable<\/li>\n<li>Acero de construcci\u00f3n<\/li>\n<li>Metales no f\u00e9rricos<\/li>\n<li>Materiales de fundici\u00f3n<\/li>\n<li>Piedra<\/li>\n<li>Pl\u00e1sticos<\/li>\n<li>Materiales minerales<\/li>\n<li>Materiales macizos<\/li>\n<li>Tubos<\/li>\n<li>Planchas<\/li>\n<li>Chapas<\/li>\n<\/ul>\n","protected":false},"featured_media":410,"comment_status":"open","ping_status":"closed","template":"","meta":[],"product_cat":[77],"product_tag":[87,86,851],"class_list":{"0":"post-3151","1":"product","2":"type-product","3":"status-publish","4":"has-post-thumbnail","5":"hentry","6":"product_cat-klingpor","7":"product_tag-acero-inox","8":"product_tag-discos-de-corte","9":"product_tag-klingspor","11":"entry","12":"has-media","13":"owp-thumbs-layout-horizontal","14":"owp-btn-normal","15":"owp-tabs-layout-horizontal","16":"has-no-thumbnails"},"_links":{"self":[{"href":"https:\/\/impafesa.com\/index.php\/wp-json\/wp\/v2\/product\/3151","targetHints":{"allow":["GET"]}}],"collection":[{"href":"https:\/\/impafesa.com\/index.php\/wp-json\/wp\/v2\/product"}],"about":[{"href":"https:\/\/impafesa.com\/index.php\/wp-json\/wp\/v2\/types\/product"}],"replies":[{"embeddable":true,"href":"https:\/\/impafesa.com\/index.php\/wp-json\/wp\/v2\/comments?post=3151"}],"wp:featuredmedia":[{"embeddable":true,"href":"https:\/\/impafesa.com\/index.php\/wp-json\/wp\/v2\/media\/410"}],"wp:attachment":[{"href":"https:\/\/impafesa.com\/index.php\/wp-json\/wp\/v2\/media?parent=3151"}],"wp:term":[{"taxonomy":"product_cat","embeddable":true,"href":"https:\/\/impafesa.com\/index.php\/wp-json\/wp\/v2\/product_cat?post=3151"},{"taxonomy":"product_tag","embeddable":true,"href":"https:\/\/impafesa.com\/index.php\/wp-json\/wp\/v2\/product_tag?post=3151"}],"curies":[{"name":"wp","href":"https:\/\/api.w.org\/{rel}","templated":true}]}}