{"id":3165,"date":"2022-11-30T22:19:02","date_gmt":"2022-11-30T22:19:02","guid":{"rendered":"https:\/\/impafesa.com\/?post_type=product&#038;p=3165"},"modified":"2022-11-30T22:19:04","modified_gmt":"2022-11-30T22:19:04","slug":"klingspor-disco-esmerilar-metal-extra-conic-c-10","status":"publish","type":"product","link":"https:\/\/impafesa.com\/index.php\/product\/klingspor-disco-esmerilar-metal-extra-conic-c-10\/","title":{"rendered":"KLINGSPOR DISCO ESMERILAR METAL EXTRA CONIC (C 10)"},"content":{"rendered":"<h2>A 24 Extra: discos de desbaste Kronenflex para metal<\/h2>\n<p>El modelo A 24 Extra ayuda a los usuarios profesionales en el mecanizado r\u00e1pido y de alta calidad de <strong>metal<\/strong>. El disco de desbaste Kronenflex es apropiado para<\/p>\n<ul>\n<li>trabajos de mantenimiento y reparaci\u00f3n,<\/li>\n<li>la construcci\u00f3n de instalaciones y dep\u00f3sitos y<\/li>\n<li>trabajos de cerrajer\u00eda.<\/li>\n<\/ul>\n<p>El disco de desbaste es apto para la <strong>utilizaci\u00f3n universal<\/strong> y convence en la <strong>amoladora angular<\/strong> por su alta alta agresividad y dureza, junto con su larga vida \u00fatil. Klingspor ofrece el producto en m\u00faltiples di\u00e1metros, de modo que cualquier usuario encuentra un disco de desbaste adecuado para el trabajo que quiera realizar. Los discos poseen una forma abombada. Los datos sobre la velocidad m\u00e1xima admisible figuran en la etiqueta. Si los discos de desbaste Kronenflex se utilizan con los valores indicados est\u00e1 garantizado en todo momento el uso seguro.<\/p>\n<h3>Discos de desbaste Kronenflex: m\u00faltiples aplicaciones<\/h3>\n<p>En la clase de rendimiento Extra, Klingspor ofrece con los discos de desbaste Kronenflex unos productos con un espectro de aplicaciones especialmente amplio. Estos discos permiten mecanizar todos los <strong>metales<\/strong>. El uso de los disco de desbaste se recomienda para el mecanizado de superficies, la rotura de cantos y la eliminaci\u00f3n de rebabas. Para asegurar el m\u00e1ximo nivel de seguridad en todas las operaciones, los discos de desbaste est\u00e1n dise\u00f1ados conforme a la norma de seguridad EN 12413 y comprobados seg\u00fan las directivas oSa.<\/p>\n<h3>Una agresividad marcada asegura el m\u00e1ximo rendimiento<\/h3>\n<p>Para conseguir la m\u00e1xima tasa de remoci\u00f3n junto con una alta agresividad, los discos de desbaste Kronenflex A 24 Extra est\u00e1n equipados con un grano abrasivo de fabricaci\u00f3n sint\u00e9tica. Este tipo de grano posee la dureza necesaria y permite conseguir resultados uniformes a lo largo de todo el tiempo de uso. Este requisito es decisivo para proporcionar un mecanizado de superficie profesional. Adem\u00e1s, al igual que en todos los dem\u00e1s discos de desbaste, Klingspor cuida en el modelo A 24 Extra la relaci\u00f3n \u00f3ptima entre la remoci\u00f3n y la vida \u00fatil.<\/p>\n\n<table id=\"tablepress-2\" class=\"tablepress tablepress-id-2\">\n<thead>\n<tr class=\"row-1 odd\">\n\t<th class=\"column-1\">Di\u00e1metro\u200b\/mm<\/th><th class=\"column-2\">Espesor\u200b\/mm<\/th><th class=\"column-3\">N\u00facleo\u200b\/mm<\/th><th class=\"column-4\">Vmax\u200b m\/s<\/th><th class=\"column-5\">RPM admisible\u200b<\/th><th class=\"column-6\">Forma de la estructura\u200b<\/th><th class=\"column-7\">Tipo\u200b<\/th><th class=\"column-8\">Referencia<\/th>\n<\/tr>\n<\/thead>\n<tbody class=\"row-hover\">\n<tr class=\"row-2 even\">\n\t<td class=\"column-1\">100<br \/>\n<\/td><td class=\"column-2\">6<br \/>\n<\/td><td class=\"column-3\">16<\/td><td class=\"column-4\">80<\/td><td class=\"column-5\">15.300<br \/>\n<\/td><td class=\"column-6\">abombado<\/td><td class=\"column-7\"><\/td><td class=\"column-8\">189004<br \/>\n<\/td>\n<\/tr>\n<tr class=\"row-3 odd\">\n\t<td class=\"column-1\">115<br \/>\n<\/td><td class=\"column-2\">6<br \/>\n<\/td><td class=\"column-3\">22,23<\/td><td class=\"column-4\">80<\/td><td class=\"column-5\">13.300<br \/>\n<\/td><td class=\"column-6\">abombado<\/td><td class=\"column-7\"><\/td><td class=\"column-8\">188465<br \/>\n<\/td>\n<\/tr>\n<tr class=\"row-4 even\">\n\t<td class=\"column-1\">115<br \/>\n<\/td><td class=\"column-2\">6<br \/>\n<\/td><td class=\"column-3\">22,23<\/td><td class=\"column-4\">80<\/td><td class=\"column-5\">13.300<br \/>\n<\/td><td class=\"column-6\">abombado<\/td><td class=\"column-7\">X-LOCK<\/td><td class=\"column-8\">351253<br \/>\n<\/td>\n<\/tr>\n<tr class=\"row-5 odd\">\n\t<td class=\"column-1\">125<br \/>\n<\/td><td class=\"column-2\">6<br \/>\n<\/td><td class=\"column-3\">22,23<\/td><td class=\"column-4\">80<\/td><td class=\"column-5\">12.200<\/td><td class=\"column-6\">abombado<\/td><td class=\"column-7\"><\/td><td class=\"column-8\">188466<br \/>\n<\/td>\n<\/tr>\n<tr class=\"row-6 even\">\n\t<td class=\"column-1\">125<br \/>\n<\/td><td class=\"column-2\">6<br \/>\n<\/td><td class=\"column-3\">22,23<\/td><td class=\"column-4\">80<\/td><td class=\"column-5\">12.200<\/td><td class=\"column-6\">abombado<\/td><td class=\"column-7\">X-LOCK<\/td><td class=\"column-8\">351252<br \/>\n<\/td>\n<\/tr>\n<tr class=\"row-7 odd\">\n\t<td class=\"column-1\">150<br \/>\n<\/td><td class=\"column-2\">6<br \/>\n<\/td><td class=\"column-3\">22,23<\/td><td class=\"column-4\">80<\/td><td class=\"column-5\">10.200<\/td><td class=\"column-6\">abombado<\/td><td class=\"column-7\"><\/td><td class=\"column-8\">235371<br \/>\n<\/td>\n<\/tr>\n<tr class=\"row-8 even\">\n\t<td class=\"column-1\">180<br \/>\n<\/td><td class=\"column-2\">8<br \/>\n<br \/>\n<\/td><td class=\"column-3\">22,23<\/td><td class=\"column-4\">80<\/td><td class=\"column-5\">8.500<br \/>\n<\/td><td class=\"column-6\">abombado<\/td><td class=\"column-7\"><\/td><td class=\"column-8\">13446<br \/>\n<\/td>\n<\/tr>\n<tr class=\"row-9 odd\">\n\t<td class=\"column-1\">180<br \/>\n<\/td><td class=\"column-2\">6<br \/>\n<\/td><td class=\"column-3\">22,23<\/td><td class=\"column-4\">80<\/td><td class=\"column-5\">8.500<br \/>\n<\/td><td class=\"column-6\">abombado<\/td><td class=\"column-7\"><\/td><td class=\"column-8\">13444<br \/>\n<\/td>\n<\/tr>\n<tr class=\"row-10 even\">\n\t<td class=\"column-1\">230<br \/>\n<\/td><td class=\"column-2\">8<br \/>\n<br \/>\n<\/td><td class=\"column-3\">22,23<\/td><td class=\"column-4\">80<\/td><td class=\"column-5\">6.600<br \/>\n<\/td><td class=\"column-6\">abombado<\/td><td class=\"column-7\"><\/td><td class=\"column-8\">13448<br \/>\n<\/td>\n<\/tr>\n<tr class=\"row-11 odd\">\n\t<td class=\"column-1\">230<br \/>\n<\/td><td class=\"column-2\">6<br \/>\n<\/td><td class=\"column-3\">22,23<\/td><td class=\"column-4\">80<\/td><td class=\"column-5\">6.600<br \/>\n<\/td><td class=\"column-6\">abombado<\/td><td class=\"column-7\"><\/td><td class=\"column-8\">13447<br \/>\n<\/td>\n<\/tr>\n<\/tbody>\n<\/table>\n<!-- #tablepress-2 from cache -->\n<p>&nbsp;<\/p>\n<a class=\"download-link\" title=\"\" href=\"https:\/\/impafesa.com\/download\/742\/\" rel=\"nofollow\">\n\tA 24 Extra \u2013 Discos de corte Kronenflex\u00ae para Metal universal\t(0 descargas)\n<\/a>\n","protected":false},"excerpt":{"rendered":"<p>188465 &#8211; 4.1\/2\u201dX6MM=1\/4\u201dX7\/8\u201d A24<br \/>\n 13444 &#8211; 7\u201dX6MM=1\/4\u201dX7\/8\u201d A24<br \/>\n 13447 &#8211; 9\u201dX6MM=1\/4\u201dX7\/8\u201d A24 <\/p>\n<h4>Campos de aplicaci\u00f3n<\/h4>\n<ul>\n<li>Acero<\/li>\n<li>Aceros templados<\/li>\n<li>Acero para herramientas<\/li>\n<li>Acero inoxidable<\/li>\n<li>Aceros de alta aleaci\u00f3n<\/li>\n<li>Aceros resistentes a la corrosi\u00f3n y al \u00e1cido<\/li>\n<li>Aluminio<\/li>\n<li>Bronce<\/li>\n<li>Cobre<\/li>\n<li>Lat\u00f3n<\/li>\n<li>Fundici\u00f3n inyectada de cinc<\/li>\n<li>Hierro colado<\/li>\n<li>Piedra \/ hormig\u00f3n<\/li>\n<\/ul>\n","protected":false},"featured_media":436,"comment_status":"open","ping_status":"closed","template":"","meta":[],"product_cat":[77],"product_tag":[95,851,88],"class_list":{"0":"post-3165","1":"product","2":"type-product","3":"status-publish","4":"has-post-thumbnail","5":"hentry","6":"product_cat-klingpor","7":"product_tag-discos-de-desbaste","8":"product_tag-klingspor","9":"product_tag-metal","11":"entry","12":"has-media","13":"owp-thumbs-layout-horizontal","14":"owp-btn-normal","15":"owp-tabs-layout-horizontal","16":"has-no-thumbnails"},"_links":{"self":[{"href":"https:\/\/impafesa.com\/index.php\/wp-json\/wp\/v2\/product\/3165","targetHints":{"allow":["GET"]}}],"collection":[{"href":"https:\/\/impafesa.com\/index.php\/wp-json\/wp\/v2\/product"}],"about":[{"href":"https:\/\/impafesa.com\/index.php\/wp-json\/wp\/v2\/types\/product"}],"replies":[{"embeddable":true,"href":"https:\/\/impafesa.com\/index.php\/wp-json\/wp\/v2\/comments?post=3165"}],"wp:featuredmedia":[{"embeddable":true,"href":"https:\/\/impafesa.com\/index.php\/wp-json\/wp\/v2\/media\/436"}],"wp:attachment":[{"href":"https:\/\/impafesa.com\/index.php\/wp-json\/wp\/v2\/media?parent=3165"}],"wp:term":[{"taxonomy":"product_cat","embeddable":true,"href":"https:\/\/impafesa.com\/index.php\/wp-json\/wp\/v2\/product_cat?post=3165"},{"taxonomy":"product_tag","embeddable":true,"href":"https:\/\/impafesa.com\/index.php\/wp-json\/wp\/v2\/product_tag?post=3165"}],"curies":[{"name":"wp","href":"https:\/\/api.w.org\/{rel}","templated":true}]}}