{"id":3190,"date":"2022-11-30T22:19:06","date_gmt":"2022-11-30T22:19:06","guid":{"rendered":"https:\/\/impafesa.com\/?post_type=product&#038;p=3190"},"modified":"2022-11-30T22:19:08","modified_gmt":"2022-11-30T22:19:08","slug":"klingspor-disco-flap-smt800-fibra-sintetica-cafe-4-1-2-c-5","status":"publish","type":"product","link":"https:\/\/impafesa.com\/index.php\/product\/klingspor-disco-flap-smt800-fibra-sintetica-cafe-4-1-2-c-5\/","title":{"rendered":"KLINGSPOR DISCO FLAP SMT800 FIBRA SINTETICA CAFE 4.1\/2&#8243; (C 5)"},"content":{"rendered":"<h2>SMT 800 Special: discos de fibra sint\u00e9tica para el acabado de acero inoxidable<\/h2>\n<p>El modelo SMT 800 Special est\u00e1 dise\u00f1ado para el mecanizado de acabado eficiente de <strong>acero inoxidable<\/strong>. El <strong>disco de fibra sint\u00e9tica<\/strong> tiene su campo de aplicaci\u00f3n en el taller metal\u00fargico y en la industria, pero tambi\u00e9n con los usuarios aficionados exigentes. El SMT 800 es apropiado para el <strong>acabado<\/strong> de<\/p>\n<ul>\n<li>acero inoxidable y<\/li>\n<li>acero.<\/li>\n<\/ul>\n<p>El disco de l\u00e1minas abrasivo combina una alta eficiencia en el arranque de material con un <strong>aspecto uniforme de la imagen de lijado<\/strong>. Esta herramienta de calidad convence por una excelente durabilidad y una larga vida \u00fatil, por lo cual resulta extremadamente rentable. El excelente acabado del disco de l\u00e1minas abrasivo Special permite conseguir resultados uniformes y un nivel de seguridad m\u00e1ximo.<\/p>\n<h3>Acabado perfecto con una est\u00e9tica atractiva<\/h3>\n<p>Eficaz pero delicado: as\u00ed trabaja el disco de l\u00e1minas abrasivo SMT 800 Special. De manera segura y r\u00e1pida elimina rebabas, cordones de soldadura y ara\u00f1azos de piezas de <strong>acero inoxidable<\/strong>. Al mismo tiempo, el <strong>disco de fibra sint\u00e9tica<\/strong> trata el material con suavidad y deja despu\u00e9s del <strong>acabado<\/strong> una superficie perfecta con un <strong>aspecto uniforme de la imagen de lijado<\/strong>.<\/p>\n<h3>Velocidad variable &#8211; buenos resultados constantes<\/h3>\n<p>El SMT 800 Special se utiliza en amoladoras angulares de altas revoluciones (80 m\/s). Los mejores resultados se consiguen en equipos con regulaci\u00f3n de velocidad. Klingspor ofrece el modelo SMT 800 Special en diferentes graduaciones que permite ejecutar con precisi\u00f3n tanto trabajos bastos como m\u00e1s finos. La herramienta proporciona unos resultados uniformes hasta el fin de su larga vida \u00fatil.<\/p>\n<h3>L\u00e1minas de fibra sint\u00e9tica para un acabado perfecto<\/h3>\n<p>La parte central del disco de l\u00e1minas abrasivo SMT 800 Special son las l\u00e1minas hechas de una fibra sint\u00e9tica especial. Este material est\u00e1 optimizado para el refinamiento de superficies. Encima de ellas est\u00e1 aplicado el producto abrasivo colocado uniformemente en redondo. Esto permite conseguir una tasa de remoci\u00f3n constante, dado que el <strong>disco de fibra sint\u00e9tica<\/strong> asegura por s\u00ed solo que siempre se utilicen granos nuevos. Como base para las l\u00e1minas de fibra sint\u00e9tica se utiliza un plato base hecho de un tejido especial de fibra de vidrio. Este permite actuar en la pieza con una transmisi\u00f3n de fuerza sin p\u00e9rdidas. De esta manera se consigue un acabado de superficie exacto y homog\u00e9neo en <strong>acero inoxidable<\/strong>. La uni\u00f3n entre las l\u00e1minas y el plato base se establece mediante un proceso de fabricaci\u00f3n especial. El modelo SMT 800 Special seg\u00fan el est\u00e1ndar Klingspor supera ampliamente los requisitos de la norma de seguridad EN 13743 y todas las especificaciones de la directiva oSa.<\/p>\n<p>&nbsp;<\/p>\n","protected":false},"excerpt":{"rendered":"<p>278495 &#8211; 4.1\/2\u201d GR060 SMT800 <\/p>\n<p> 278496 &#8211; 4.1\/2\u201d GR080 SMT800 <\/p>\n<p> 278497 &#8211; 4.1\/2\u201d GR120 SMT800 <\/p>\n<h3>Calidad sin concesiones<\/h3>\n<p>El modelo SMT 800 de la l\u00ednea de productos \u00abSpecial\u00bb es apropiado para el uso continuo y los esfuerzos intensos que se producen en la artesan\u00eda y la industria. Esta herramienta se distingue por su extraordinaria calidad y versatilidad.<\/p>\n","protected":false},"featured_media":504,"comment_status":"open","ping_status":"closed","template":"","meta":[],"product_cat":[77],"product_tag":[87,98,851],"class_list":{"0":"post-3190","1":"product","2":"type-product","3":"status-publish","4":"has-post-thumbnail","5":"hentry","6":"product_cat-klingpor","7":"product_tag-acero-inox","8":"product_tag-discos-de-fibra-sintetica","9":"product_tag-klingspor","11":"entry","12":"has-media","13":"owp-thumbs-layout-horizontal","14":"owp-btn-normal","15":"owp-tabs-layout-horizontal","16":"has-no-thumbnails"},"_links":{"self":[{"href":"https:\/\/impafesa.com\/index.php\/wp-json\/wp\/v2\/product\/3190","targetHints":{"allow":["GET"]}}],"collection":[{"href":"https:\/\/impafesa.com\/index.php\/wp-json\/wp\/v2\/product"}],"about":[{"href":"https:\/\/impafesa.com\/index.php\/wp-json\/wp\/v2\/types\/product"}],"replies":[{"embeddable":true,"href":"https:\/\/impafesa.com\/index.php\/wp-json\/wp\/v2\/comments?post=3190"}],"wp:featuredmedia":[{"embeddable":true,"href":"https:\/\/impafesa.com\/index.php\/wp-json\/wp\/v2\/media\/504"}],"wp:attachment":[{"href":"https:\/\/impafesa.com\/index.php\/wp-json\/wp\/v2\/media?parent=3190"}],"wp:term":[{"taxonomy":"product_cat","embeddable":true,"href":"https:\/\/impafesa.com\/index.php\/wp-json\/wp\/v2\/product_cat?post=3190"},{"taxonomy":"product_tag","embeddable":true,"href":"https:\/\/impafesa.com\/index.php\/wp-json\/wp\/v2\/product_tag?post=3190"}],"curies":[{"name":"wp","href":"https:\/\/api.w.org\/{rel}","templated":true}]}}