{"id":3250,"date":"2022-11-30T22:19:12","date_gmt":"2022-11-30T22:19:12","guid":{"rendered":"https:\/\/impafesa.com\/?post_type=product&#038;p=3250"},"modified":"2022-11-30T22:19:14","modified_gmt":"2022-11-30T22:19:14","slug":"klingspor-disco-soporte-velcro-6150mm","status":"publish","type":"product","link":"https:\/\/impafesa.com\/index.php\/product\/klingspor-disco-soporte-velcro-6150mm\/","title":{"rendered":"KLINGSPOR DISCO SOPORTE VELCRO 6&#8217;=150MM"},"content":{"rendered":"<h2>Trabajo pr\u00e1cticamente sin polvo con el plato de soporte multiagujero HST 555 de Klingspor para lijadoras exc\u00e9ntricas de diferentes fabricantes<\/h2>\n<p>Los distintos m\u00e9todos de lijado en la industria y la artesan\u00eda est\u00e1n adaptadas a la aplicaci\u00f3n correspondiente. Por ejemplo, se emplean lijadoras de cinta para el lijado con un arranque de viruta elevado en superficies y para el desbarbado de piezas de metal y de fundici\u00f3n. Las amoladoras angulares para discos abrasivos y de desbaste con elevadas velocidades de giro se utilizan en casos que requieren un lijado agresivo, por ejemplo, en la eliminaci\u00f3n de \u00f3xido de metales o en el mecanizado de cordones y puntos de soldadura. Las <strong>lijadoras exc\u00e9ntricas<\/strong> son los equipos que se utilizan con mayor frecuencia para un trabajo limpio en el acabado final de superficies. Las <strong>lijadoras exc\u00e9ntricas<\/strong> profesionales muestran un patr\u00f3n de agujeros en el plato de soporte. A trav\u00e9s de estos agujeros se aspira el aire del disco abrasivo por medio de un sistema de aspiraci\u00f3n externo o una aspiraci\u00f3n activa en el mismo equipo. Las ventajas conseguidas de esta manera son, entre otras, que<\/p>\n<ul>\n<li>se mantiene limpio el puesto de trabajo y<\/li>\n<li>el aire ambiente se mantiene libre de polvo y part\u00edculas.<\/li>\n<\/ul>\n<h3>Plato de soporte multiagujero HST 555 de Klingspor \u2013 apropiado para todos los discos abrasivos usuales y sus patrones de agujeros<\/h3>\n<p>El lijado con lijadoras exc\u00e9ntricas presenta varias ventajas. Las lijadoras exc\u00e9ntricas son aparatos manejables que se pueden guiar limpiamente. La combinaci\u00f3n de un movimiento oscilante del plato lijador con su rotaci\u00f3n produce un lijado pr\u00e1cticamente sin estr\u00edas. Adem\u00e1s, la posibilidad de aspiraci\u00f3n mantiene el puesto de trabajo y el aire ambiente libre de polvo, producto de abrasi\u00f3n y virutas. El cambio de los discos abrasivos se puede realizar manualmente y sin utilizar herramientas, dado que el producto abrasivo est\u00e1 adherido en el plato de soporte con un sistema de autosujeci\u00f3n. El patr\u00f3n de agujeros <strong>plato de soporte multiagujero HST 555<\/strong> de Klingspor est\u00e1 elegido de modo que permite cubrir la mayor\u00eda de los esquemas de agujeros usuales en el mercado. El plato lijador propiamente dicho se atornilla en la lijadora a trav\u00e9s de una rosca de ocho mil\u00edmetros. De esta manera, el plato de soporte Klingspor <strong>HST 555<\/strong> se adapta a todos los equipos usuales con esta rosca y un alojamiento para platos de soporte con un di\u00e1metro de 150 mm. El modelo <strong>HST 555<\/strong> est\u00e1 disponible en <strong>tres grados de dureza<\/strong>. El modelo <strong>HST 555<\/strong> posee un sistema de autosujeci\u00f3n fino y resistente al calor. De esta manera los discos abrasivos con felpa o fibra sint\u00e9tica apta para sistema de autosujeci\u00f3n quedan fijados firmemente y con seguridad en el plato de soporte. En consecuencia, el trabajo seguro y el manejo sencillo forman una unidad.<\/p>\n","protected":false},"excerpt":{"rendered":"<p>Trabajo pr\u00e1cticamente sin polvo con el plato de soporte multiagujero HST 555 de Klingspor para lijadoras exc\u00e9ntricas de diferentes fabricantes Los distintos m\u00e9todos de lijado en la industria y la artesan\u00eda est\u00e1n adaptadas a la aplicaci\u00f3n correspondiente. Por ejemplo, se emplean lijadoras de cinta para el lijado con un arranque de viruta elevado en superficies [&hellip;]<\/p>\n","protected":false},"featured_media":672,"comment_status":"open","ping_status":"closed","template":"","meta":[],"product_cat":[77],"product_tag":[851,109,108],"class_list":{"0":"post-3250","1":"product","2":"type-product","3":"status-publish","4":"has-post-thumbnail","5":"hentry","6":"product_cat-klingpor","7":"product_tag-klingspor","8":"product_tag-lijadoras-excentricas","9":"product_tag-plato-de-soporte","11":"entry","12":"has-media","13":"owp-thumbs-layout-horizontal","14":"owp-btn-normal","15":"owp-tabs-layout-horizontal","16":"has-no-thumbnails"},"_links":{"self":[{"href":"https:\/\/impafesa.com\/index.php\/wp-json\/wp\/v2\/product\/3250","targetHints":{"allow":["GET"]}}],"collection":[{"href":"https:\/\/impafesa.com\/index.php\/wp-json\/wp\/v2\/product"}],"about":[{"href":"https:\/\/impafesa.com\/index.php\/wp-json\/wp\/v2\/types\/product"}],"replies":[{"embeddable":true,"href":"https:\/\/impafesa.com\/index.php\/wp-json\/wp\/v2\/comments?post=3250"}],"wp:featuredmedia":[{"embeddable":true,"href":"https:\/\/impafesa.com\/index.php\/wp-json\/wp\/v2\/media\/672"}],"wp:attachment":[{"href":"https:\/\/impafesa.com\/index.php\/wp-json\/wp\/v2\/media?parent=3250"}],"wp:term":[{"taxonomy":"product_cat","embeddable":true,"href":"https:\/\/impafesa.com\/index.php\/wp-json\/wp\/v2\/product_cat?post=3250"},{"taxonomy":"product_tag","embeddable":true,"href":"https:\/\/impafesa.com\/index.php\/wp-json\/wp\/v2\/product_tag?post=3250"}],"curies":[{"name":"wp","href":"https:\/\/api.w.org\/{rel}","templated":true}]}}