{"id":3325,"date":"2022-11-30T22:19:21","date_gmt":"2022-11-30T22:19:21","guid":{"rendered":"https:\/\/impafesa.com\/?post_type=product&#038;p=3325"},"modified":"2022-11-30T22:19:24","modified_gmt":"2022-11-30T22:19:24","slug":"klingspor-disco-velcro-c-teflon-gls-ps77ck","status":"publish","type":"product","link":"https:\/\/impafesa.com\/index.php\/product\/klingspor-disco-velcro-c-teflon-gls-ps77ck\/","title":{"rendered":"KLINGSPOR DISCO VELCRO C\/TEFLON GLS PS77CK"},"content":{"rendered":"<p>Ventajas: Un innovador producto de alto rendimiento con un excelente comportamiento evitando el embozamiento prematuro &#8211; Duraci\u00f3n aumentada gracias a la nueva f\u00f3rmula de recubrimiento utilizada &#8211; Evita la adherencia de part\u00edculas de barniz y polvo &#8211; Para el lijado agresivo bajo altas exigencias y en las granulometr\u00edas de 60 hasta 220 se emplea un soporte flexible y resistente al desgarro del tipo papel-latex C<\/p>\n\n<table id=\"tablepress-4\" class=\"tablepress tablepress-id-4\">\n<thead>\n<tr class=\"row-1 odd\">\n\t<th class=\"column-1\">Di\u00e1metro\u200b\/mm<\/th><th class=\"column-2\">Grano<\/th><th class=\"column-3\">Forma de perforaci\u00f3n\u200b<\/th><th class=\"column-4\">Abrasivos tipo\u200b<\/th><th class=\"column-5\">Referencia<\/th>\n<\/tr>\n<\/thead>\n<tbody class=\"row-hover\">\n<tr class=\"row-2 even\">\n\t<td class=\"column-1\">125<\/td><td class=\"column-2\">80<\/td><td class=\"column-3\">tipo de perforac\u00ed\u00f3n GLS5<\/td><td class=\"column-4\">PS 77 CK<\/td><td class=\"column-5\">353216<\/td>\n<\/tr>\n<tr class=\"row-3 odd\">\n\t<td class=\"column-1\">125<\/td><td class=\"column-2\">100<\/td><td class=\"column-3\">tipo de perforac\u00ed\u00f3n GLS5<br \/>\n<\/td><td class=\"column-4\">PS 77 CK<\/td><td class=\"column-5\">353215<\/td>\n<\/tr>\n<tr class=\"row-4 even\">\n\t<td class=\"column-1\">125<\/td><td class=\"column-2\">120<\/td><td class=\"column-3\">tipo de perforac\u00ed\u00f3n GLS5<\/td><td class=\"column-4\">PS 77 CK<\/td><td class=\"column-5\">353214<\/td>\n<\/tr>\n<tr class=\"row-5 odd\">\n\t<td class=\"column-1\">125<\/td><td class=\"column-2\">150<\/td><td class=\"column-3\">tipo de perforac\u00ed\u00f3n GLS5<br \/>\n<\/td><td class=\"column-4\">PS 77 CK<\/td><td class=\"column-5\">353213<\/td>\n<\/tr>\n<tr class=\"row-6 even\">\n\t<td class=\"column-1\">125<\/td><td class=\"column-2\">180<\/td><td class=\"column-3\">tipo de perforac\u00ed\u00f3n GLS5<\/td><td class=\"column-4\">PS 77 CK<br \/>\n<\/td><td class=\"column-5\">353212<\/td>\n<\/tr>\n<tr class=\"row-7 odd\">\n\t<td class=\"column-1\">125<\/td><td class=\"column-2\">220<\/td><td class=\"column-3\">tipo de perforac\u00ed\u00f3n GLS5<br \/>\n<\/td><td class=\"column-4\">PS 77 CK<\/td><td class=\"column-5\">353209<\/td>\n<\/tr>\n<tr class=\"row-8 even\">\n\t<td class=\"column-1\">125<\/td><td class=\"column-2\">240<\/td><td class=\"column-3\">Gitter (Scheiben)<\/td><td class=\"column-4\"><\/td><td class=\"column-5\">337904<\/td>\n<\/tr>\n<\/tbody>\n<\/table>\n<!-- #tablepress-4 from cache -->\n","protected":false},"excerpt":{"rendered":"<p>353216 &#8211; 5\u201d GR 080 <\/p>\n<p> 353215 &#8211; 5&#8243; GR 100 <\/p>\n<p> 353214 &#8211; 5&#8243; GR 120 <\/p>\n<p> 353213 &#8211; 5&#8243; GR 150 <\/p>\n<p> 353212 &#8211; 5&#8243; GR 180 <\/p>\n<p> 353209 &#8211; 5&#8243; GR 220 <\/p>\n<p> 337904 &#8211; 5\u201d GR 240 <\/p>\n<h4>Campos de aplicaci\u00f3n<\/h4>\n<ul>\n<li>Metal universal<\/li>\n<li>Madera y derivados de la madera<\/li>\n<li>Pintura \/ laca \/ masilla<\/li>\n<li>Acero<\/li>\n<li>Metales no f\u00e9rricos<\/li>\n<li>Pl\u00e1stico<\/li>\n<li>Acero inoxidable<\/li>\n<li>Vidrio<\/li>\n<li>Aluminio<\/li>\n<li>Titanio<\/li>\n<li>Cuero<\/li>\n<li>Materiales minerales<\/li>\n<li>Pl\u00e1stico<\/li>\n<\/ul>\n","protected":false},"featured_media":664,"comment_status":"open","ping_status":"closed","template":"","meta":[],"product_cat":[77],"product_tag":[113,123,851,114,115,121,124,111,125],"class_list":{"0":"post-3325","1":"product","2":"type-product","3":"status-publish","4":"has-post-thumbnail","5":"hentry","6":"product_cat-klingpor","7":"product_tag-discos-con-soporte-de-papel","8":"product_tag-imprimacion","9":"product_tag-klingspor","10":"product_tag-laca","11":"product_tag-masilla","12":"product_tag-materiales-compuestos","13":"product_tag-pigmentos-de-carga","14":"product_tag-pintura","15":"product_tag-revestimiento-de-gel","17":"entry","18":"has-media","19":"owp-thumbs-layout-horizontal","20":"owp-btn-normal","21":"owp-tabs-layout-horizontal","22":"has-no-thumbnails"},"_links":{"self":[{"href":"https:\/\/impafesa.com\/index.php\/wp-json\/wp\/v2\/product\/3325","targetHints":{"allow":["GET"]}}],"collection":[{"href":"https:\/\/impafesa.com\/index.php\/wp-json\/wp\/v2\/product"}],"about":[{"href":"https:\/\/impafesa.com\/index.php\/wp-json\/wp\/v2\/types\/product"}],"replies":[{"embeddable":true,"href":"https:\/\/impafesa.com\/index.php\/wp-json\/wp\/v2\/comments?post=3325"}],"wp:featuredmedia":[{"embeddable":true,"href":"https:\/\/impafesa.com\/index.php\/wp-json\/wp\/v2\/media\/664"}],"wp:attachment":[{"href":"https:\/\/impafesa.com\/index.php\/wp-json\/wp\/v2\/media?parent=3325"}],"wp:term":[{"taxonomy":"product_cat","embeddable":true,"href":"https:\/\/impafesa.com\/index.php\/wp-json\/wp\/v2\/product_cat?post=3325"},{"taxonomy":"product_tag","embeddable":true,"href":"https:\/\/impafesa.com\/index.php\/wp-json\/wp\/v2\/product_tag?post=3325"}],"curies":[{"name":"wp","href":"https:\/\/api.w.org\/{rel}","templated":true}]}}